 - (-34 - -40)) + 12
5
1 + -3 + 4 + -6
-4
(10 + -5 - -2) + (-1 - 1)
5
Evaluate 0 + 4 + (0 - 0).
4
Calculate 7 + (-12 - -5 - -1).
1
What is the value of (-4 + 5 - 2) + 1 + -4?
-4
Calculate 18 - 12 - (-2 + 6) - 3.
-1
What is the value of -22 + 22 + 1 + -6?
-5
Evaluate 17 + -9 + -7 - (-5 - -8).
-2
Evaluate (-2 - (-1 + 1)) + -9 + 13.
2
Calculate (-5 - 4 - 3) + 6.
-6
What is 0 - -2 - (25 + -21) - -1?
-1
Evaluate 0 + 3 - -3 - 0.
6
What is the value of (-23 - (-13 - 0)) + 2?
-8
What is -3 + -3 + (1 - 0 - -4)?
-1
What is -1 + 3 + -2 - -3?
3
What is 2 - (2 - (-2 - -6))?
4
(-4 - -18 - 10) + -12
-8
What is the value of 10 + -15 - (1 + -4 + 0)?
-2
Calculate (-45 - -39) + (-2 - (-6 - 0)).
-2
What is the value of -6 + (5 + -4 - -2)?
-3
Evaluate 4 - (15 + -3) - -4.
-4
What is -3 + -6 - (-3 - (-2 + 3))?
-5
What is the value of -63 + 70 + -1 + -1?
5
Evaluate -15 + (-4 - -7) + 9.
-3
(-4 - (1 + (-3 - 0))) + -3
-5
What is -4 - -2 - -4 - (-38 - -33)?
7
What is 0 + 9 + (-1 - (3 - -1))?
4
Calculate (-4 - (7 - 2)) + 10.
1
3 + -1 + (-12 - -7) + -2
-5
Calculate -1 + (-9 - (-4 - 1) - 3).
-8
Calculate (3 - 5) + 5 + -12.
-9
(0 - -1) + 2 + (-26 - -26)
3
What is 6 - (8 + -6) - (3 - 2)?
3
What is (4 - 2) + 3 + -7?
-2
What is 1 - (3 + 5) - -1?
-6
-4 + -5 + 6 + 4
1
Evaluate -2 + (-4 - -11) - 0.
5
(6 - 1 - 7) + 8 + -5
1
Evaluate (-1 - 4) + (-1 - -4) + 4.
2
Evaluate -10 - (-7 - (8 - 13)).
-8
(-7 + 12 - -2) + -10
-3
7 - 1 - (15 + -13 - 0)
4
Calculate 3 + -8 + -1 - 0.
-6
What is 0 + 1 + (-2 - 2) + 2?
-1
Calculate (-10 - -3) + (4 - -5).
2
What is the value of -2 + -2 + (31 - 19)?
8
What is (8 + 1 - -3) + -2?
10
What is the value of 4 + (-1 - -5) + -3?
5
What is -9 - -18 - 13 - (-3 - -1)?
-2
Evaluate 11 - (12 + -8 + 2).
5
What is 2 + -2 - 0 - (-25 + 23)?
2
What is 1 + 6 + -3 + -2 + 5?
7
What is the value of 7 + -12 + -4 + 5?
-4
What is the value of (15 - 7) + -5 + -7?
-4
Evaluate -1 + 10 + (0 - -1 - 5).
5
Evaluate -4 + (0 + 2 - -4) - 7.
-5
What is 22 - 11 - (12 - 1)?
0
Calculate 0 - -2 - (-1 + -1).
4
What is 0 - (-4 + 2) - (7 - 0)?
-5
Calculate -9 + 19 + 4 + -10.
4
What is the value of 7 + (-5 - (-2 - 1))?
5
Evaluate -34 + 31 - (-2 + 2).
-3
-3 + (-6 + 4 - -1 - -1)
-3
What is 2 - (-1 + -10 + 7)?
6
Calculate (-5 - 2) + (8 - 4).
-3
Evaluate 1 - ((2 - 2) + (-2 - -6)).
-3
Calculate -11 - (-15 + 8) - (0 - 6).
2
Calculate -5 - (-8 - 1) - 10.
-6
What is the value of 10 + -31 - -16 - (-11 - 0)?
6
Calculate 8 - (7 - 7) - 2.
6
Evaluate (9 - 2) + (-6 - 10).
-9
What is the value of 13 + (-5 - 8) + 9?
9
Calculate 1 + (-14 - -28) + -11.
4
Calculate 0 + 1 + 4 + -5 - -4.
4
Evaluate (2 - ((1 - -3) + -1)) + 2.
1
What is (5 - 2) + -2 + 1 + -4?
-2
Calculate 5 + (-5 - (-5 - -4)).
1
What is the value of (5 - (4 - 2)) + -2?
1
(1 - -9 - (4 + 4)) + 2
4
What is the value of (-9 - (-3 - 4)) + -11 - -4?
-9
1 - ((4 - -2) + -7)
2
Calculate (7 - 15 - (-5 + 1)) + 6.
2
-6 - (-18 - -13 - (-2 + -5))
-8
Calculate 20 - 24 - (-12 + 2).
6
What is 1 + -1 + (2 - 1)?
1
Evaluate 14 + (-4 - 0 - 3).
7
Calculate 14 + -17 - (-2 - -5 - 2).
-4
Evaluate (4 - -3 - 3) + (-9 - -2).
-3
Calculate 0 - 7 - (-4 + 1).
-4
What is (-11 - -5) + (-3 - -4) - -4?
-1
What is -11 + -1 + 8 - (-12 + 4)?
4
Evaluate 0 + 1 + (10 - 14).
-3
What is the value of 1 - (-1 + (-2 - (0 + -1)))?
3
What is the value of -9 + (-12 - -7 - -7)?
-7
2 + -3 + 10 + -5
4
What is the value of 3 + (1 - (-2 + 4)) - -1?
3
What is the value of -4 + -1 - (-15 + (-21 - -28))?
3
Evaluate -6 + -4 + 5 + 7.
2
Calculate -4 + (-2 - 1 - (-4 - -1)).
-4
Calculate -9 - (6 - 4 - 4).
-7
What is the value of -1 - -1 - (1 + -3 + 4)?
-2
Evaluate 0 - ((4 - 1) + -10 + 1).
6
What is the value of (4 - 2) + -2 - (-33 + 28)?
5
Calculate 1 + 1 + -2 + 4.
4
What is the value of -10 + 1 + -53 + 67?
5
What is the value of (63 - 66) + (5 - 0)?
2
What is the value of -5 - (-10 + 3 + (-12 - -8))?
6
What is the value of 2 - (-2 + 1 - -11)?
-8
Evaluate -3 + 6 + -1 + (-7 - -5).
0
Calculate -4 - 2 - -2 - (-1 + 0).
-3
Evaluate -9 + -11 + 11 - -8.
-1
Calculate 0 - -11 - 4 - (2 + 1).
4
What is the value of -7 - (1 + 1 + -4 + 0)?
-5
-2 + 5 - (4 + -4) - 3
0
What is -3 - -6 - (7 + 0)?
-4
4 + -5 + 0 + -3
-4
What is 0 + -3 - (13 - 18) - 2?
0
What is the value of -3 + 9 + 30 + -36?
0
Evaluate (-2 - (4 + -3)) + 4.
1
What is the value of 1 - (-1 - 0 - -3)?
-1
Calculate 1 + -1 + (-3 - (-1 + -4)).
2
What is the value of (-8 - -5) + 4 + -2?
-1
What is the value of -4 + -3 + (0 - -1) + 1?
-5
Calculate (4 - (-3 + 0)) + -10.
-3
18 + -7 + 2 - 20
-7
Evaluate -10 + -5 + 25 + -3.
7
Calculate 3 - 5 - (-6 + 2).
2
Calculate 0 - (-1 + -4) - 7.
-2
Calculate 16 + -13 - (2 + -3).
4
0 + -1 - (-10 + (-4 - -5))
8
Calculate -4 - (3 + -4 + 0 + -1).
-2
What is the value of (5 - (-5 - -5)) + 3 + -7?
1
Calculate 134 + -131 + -6 + 0 + 1.
-2
3 + (2 - (8 - -1)) + 5
1
Evaluate -5 + 1 + -4 + 4.
-4
What is -8 - (-19 + (7 - 4))?
8
-15 + 7 + 3 + 13
8
What is 0 - (7 - 7 - -3 - 6)?
3
Calculate -6 - (1 + -5 + -2).
0
What is the value of -4 - (3 + (-5 - 0))?
-2
Calculate 4 + 2 + (4 - 1).
9
What is 10 + -9 - (-2 - -1) - -1?
3
2 + (1 - 2) + 0 - -7
8
What is the value of (8 - 5) + -1 - -3?
5
Evaluate 0 + -2 - -6 - 3.
1
What is 1 + -2 + 0 + (-4 - -4)?
-1
What is the value of -5 - -2 - (1 + (1 - 8))?
3
Evaluate -2 + 3 + -5 + (-27 - -26).
-5
Evaluate -45 + 66 + (-11 - 2).
8
-3 + 4 + -2 + 1 + -3
-3
What is the value of -6 + (-1 - -2 - -3) + 1?
-1
Calculate -21 - -23 - (-2 - 0).
4
-14 + 12 - (1 + 0)
-3
Calculate -6 + 5 - (2 - 3).
0
What is -4 + (-5 - -9) + -8?
-8
(0 - -15 - 6) + -4
5
What is the value of (2 - 3) + 1 - -2?
2
What is -9 + -1 + 6 + 8?
4
What is the value of (-2 - (0 - -1)) + 145 + -141?
1
Evaluate -5 - 0 - (-7 - -4).
-2
What is (1 - -4) + (-25 + 7 - -19)?
6
0 - -4 - (5 + -3)
2
Calculate 3 - (19 - (6 + 9)).
-1
4 - (-2 - (-7 + (0 - -4)))
3
What is the value of 7 + 1 + -8 + 4?
4
What is the value of -4 + (-1 - (2 - 7))?
0
What is 2 - (25 + -21 - (0 - 0))?
-2
Evaluate 1 + 0 + -7 - -10.
4
Calculate 3 + -2 - (1 - 2) - 5.
-3
Calculate 5 - 2 - (1 - 8 - -8).
2
Evaluate 1 - (0 - (2 + -1)).
2
Evaluate -1 - 2 - (13 + 3 - 23).
4
What is the value of -5 + (2 - 1 - 6 - 0)?
-10
Evaluate (6 - (3 + 0)) + (-4 - -3).
2
What is 4 + (-4 - (9 + -5 + -8))?
4
What is 0 + -4 - (6 - 11)?
1
What is the value of -3 - (11 + -2 + -10)?
-2
5 + 0 + 5 + -10
0
What is -3 + (-3 + 4 - (4 - 2))?
-4
What is 0 + (-14 + 7 - 2 - -3)?
-6
Calculate (2 - -3) + (-9 - 1) + 2.
-3
Calculate 7 - (-1 - (-11 + 7)).
4
Calculate 0 - (-1 - (-2 - (-4 + 1))).
2
Evaluate -58 + 62 + (0 - (-1 + 0)).
5
What is the value of (-2 - 9) + (-9 - (1 + -11))?
-10
1 + -4 + 5 + 1
3
What is -1 - (4 - -1) - -3?
-3
What is -13 - -11 - (-7 + 1)?
4
Calculate (-5 - (-14 - -8)) + 5.
6
What is the value of 3 + -6 + (-3 - -4) + -4?
-6
What is -18 - -18 - (0 + 1)?
-1
Evaluate 5 - (-1 + 16 + (3 - 7)).
-6
Calculate 3 + (-15 - -6) - -10.
4
Calculate -5 + 9 + (-4 - 0) + 6.
6
Evaluate -9 - (-13 - (-13 + 8)).
-1
Evaluate -3 + 5 + (-2 - -1).
1
-6 + 13 + -1 + -2
4
What is the value of (-7 - -2) + -4 + 10?
1
8 + (5 - (7 + 5))
1
Evaluate -3 + (2 + 5 - 8) - -2.
-2
Calculate -4 + 15 + 8 + -11.
8
Evaluate -1 + 1 + -3 + 5 + -7.
-5
Calculate 0 - (3 - 12 - -1).
8
Calculate -2 - (3 - -7 - 4).
-8
(-32 - -34) + 1 + (-1 - -2)
4
What is the value of 2 + -11 + 1 - (9 + -13)?
-4
-1 + -2 + -5 + 0 + 15
7
Evaluate (4 - 6) + 2 - 0.
0
What is -11 + 0 + (19 - 12) - -8?
4
Calculate 6 - -3 - 15 - -9.
3
Calculate (-1 - 3 - 2) + 5 + 4.
3
Calculate (7 - (2 - -1)) + (-2 - -2).
4
What is the value of 10 - 3 - 2 - 1?
4
Calculate 1 + (-1 - 5 - -6).
1
Evaluate -2 + -7 + -2 + 12.
1
What is (-2 - -9) + 1 + -1 + -4?
3
Calculate 7 - (13 + -2 - 5 - -2).
-1
What is 2 - ((12 - 4) + -3)?
-3
What is 1 + 0 + (1 - (-4 + 3))?
3
What is (2 - (-2 + -4 + 3)) + 1?
6
1 - (3 - (-4 - (-5 - -2)))
-3
(3 + -9 - -1) + 1 + 9
5
Calculate 2 + 0 + 6 + -8 + 3.
3
(-96 - -88) + (0 - -1)
-7
Calculate 8 - 0 - (-4 - -7).
5
Calculate 9 + -6 - (0 + -3 + -1).
7
What is -1 - (2 - 5) - (-5 - -5)?
2
Calculate (-1 - 2) + -1 + 2.
-2
Calculate -12 + 0 + 5 + (10 - 10).
-7
What is 0 + (3 - (8 - 5))?
0
What is -3 - (1 + -2) - -5 - 8?
-5
22 + -10 - (-6 - -14)
4
What is the value of (8 - -3) + (-2 - 5)?
4
Calculate 1 - 8 - (11 + (12 - 24)).
-6
-5 + -1 - 0 - 0
-6
(-18 - -14) + 0 + (7 - 1)
2
Calculate 5 + 9 + -8 +